ase 10?
-2408924
32210032031 (base 4) to base 2
1110100100001110001101
What is 4848c (base 16) in base 12?
123410
What is -3444652 (base 10) in base 13?
-937b73
21132201 (base 4) to base 13
1488c
-25014225 (base 9) to base 6
-1114105205
What is 13031121 (base 4) in base 11?
20205
-b12479 (base 13) to base 8
-17552702
Convert 7504125 (base 8) to base 15.
297d3b
-e266d (base 16) to base 3
-1202010001222
Convert -103310241 (base 5) to base 2.
-1101101010001010011
Convert -1317137 (base 8) to base 13.
-cb7ab
-132206 (base 10) to base 5
-13212311
Convert -68142 (base 11) to base 3.
-12000100010
What is -1010131323 (base 4) in base 8?
-1043573
What is 1414223442 (base 5) in base 16?
37e977
What is 183c (base 14) in base 10?
4366
What is 1a57aa (base 14) in base 10?
937226
-28522 (base 14) to base 6
-2050002
Convert eabaf (base 16) to base 6.
32335103
What is -132d2 (base 16) in base 8?
-231322
Convert -101121000120 (base 3) to base 4.
-302321331
What is 2013410224 (base 5) in base 10?
4044439
What is 13132244 (base 6) in base 15?
8806a
112102001000021 (base 3) to base 6
432043011
20222210120 (base 3) to base 10
137634
What is 42245551 (base 7) in base 3?
20201121112201
What is 77718 (base 14) in base 12?
11b662
What is 1234232 (base 6) in base 14?
1a616
-1420746 (base 11) to base 10
-2445944
6375b (base 14) to base 6
5051541
What is 995067 (base 10) in base 11?
61a677
Convert -617735 (base 9) to base 6.
-11505005
Convert -8156560 (base 11) to base 16.
-dbf629
Convert -12138064 (base 10) to base 13.
-268cab3
-234560646 (base 7) to base 3
-1000102012201200
Convert -2027523 (base 10) to base 3.
-10211000020110
What is 1001000011011011110101010 (base 2) in base 11?
a799179
58b24 (base 16) to base 10
363300
-6654130 (base 8) to base 15
-255ec8
What is -285bca (base 15) in base 2?
-111011010011011111010
What is 44115440 (base 6) in base 9?
2426136
404776 (base 8) to base 3
20210022021
What is -11a8b0a (base 14) in base 8?
-40251766
61e64 (base 15) to base 8
1136141
Convert 11242053 (base 7) to base 12.
3b6126
Convert 1002354 (base 6) to base 11.
32537
-6045685 (base 9) to base 11
-18a9613
What is -15b71ab (base 14) in base 12?
-36a152b
What is -2243120000 (base 5) in base 9?
-10448010
1001101010100001000 (base 2) to base 9
532356
3243421 (base 6) to base 3
22012112211
1023372 (base 8) to base 6
5455454
What is -5a4b5 (base 12) in base 15?
-260b8
-143144 (base 9) to base 16
-15631
Convert -14431130 (base 5) to base 13.
-5581a
Convert -10010110010100000010 (base 2) to base 14.
-120534
Convert -2023373 (base 9) to base 2.
-100000111010011100100
Convert 2217414 (base 9) to base 14.
230a8d
-111110111001111101000 (base 2) to base 3
-10212201120000
Convert 1d6522 (base 15) to base 13.
3b4c32
Convert 1002010211 (base 3) to base 4.
11023330
What is -100202212132 (base 4) in base 8?
-20424636
Convert 21210433 (base 5) to base 2.
101011101010110100
Convert -211522105 (base 6) to base 2.
-1110001110000110011001
-3263522 (base 7) to base 11
-255249
Convert 4403143241 (base 5) to base 6.
534023522
What is 443448 (base 9) in base 15?
537b5
What is -20033211 (base 4) in base 5?
-2040030
Convert 3120 (base 16) to base 6.
134120
Convert 10000111011000011111 (base 2) to base 13.
16552c
What is -236441 (base 10) in base 14?
-62249
What is -12303041 (base 5) in base 14?
-315c6
Convert 11103323230 (base 4) to base 8.
5237354
What is 112122111121111 (base 3) in base 5?
3443102312
Convert b9b41 (base 15) to base 2.
10001111111111011010
Convert 111110001100100101 (base 2) to base 10.
254757
Convert -2245202 (base 7) to base 8.
-1043413
101021111202 (base 3) to base 6
4200332
Convert -51b410 (base 14) to base 7.
-32306220
What is -44152 (base 6) in base 5?
-143431
121042442 (base 6) to base 8
10574332
Convert 130232030312 (base 4) to base 10.
7529270
Convert -352d79 (base 14) to base 11.
-1029724
-1010111010110111000010 (base 2) to base 6
-141204242
1149909 (base 10) to base 4
10120233111
What is 132111112 (base 5) in base 2?
10100001001010111101
Convert 1506505 (base 7) to base 11.
12a298
-71ac1 (base 14) to base 4
-1002311321
22cb3 (base 15) to base 14
2c592
136590 (base 12) to base 13
b3895
-2001102002110 (base 3) to base 6
-35213150
What is 11022001302 (base 4) in base 10?
1351794
Convert 101100010001111011001 (base 2) to base 16.
1623d9
What is 3092d6 (base 14) in base 13?
454b97
What is 1423560 (base 10) in base 11?
8925a6
What is -7a6985 (base 12) in base 15?
-28b04e
What is -12334053 (base 6) in base 4?
-1201333101
-30c6b (base 14) to base 3
-12222110002
4085a (base 15) to base 10
204385
-abc7 (base 13) to base 12
-11a74
-573412 (base 8) to base 10
-194314
45de5a (base 15) to base 10
3337735
-4041c5 (base 14) to base 5
-1023201031
Convert -112010341 (base 5) to base 4.
-1322033301
What is 132231232 (base 4) in base 10?
125806
What is -1217341 (base 8) in base 2?
-1010001111011100001
-298516 (base 11) to base 16
-718f5
Convert 1000111101011010101 (base 2) to base 3.
112220201200
What is -13211332 (base 5) in base 9?
-221168
Convert 4237066 (base 8) to base 12.
465b5a
Convert -e8ecb (base 15) to base 14.
-1534c3
1310331 (base 4) to base 6
54353
Convert -22220010212 (base 3) to base 2.
-101010101111011000
Convert 2411663 (base 7) to base 9.
515185
What is 964ac (base 14) in base 13?
c93a2
Convert 1b92b5 (base 16) to base 14.
350777
Convert 1b34a (base 13) to base 4.
31000301
3e4fea (base 16) to base 11
233a156
What is -ed2c9a (base 15) in base 8?
-53064232
68722 (base 10) to base 5
4144342
Convert 690441 (base 16) to base 12.
237aa29
Convert 602612 (base 7) to base 10.
101831
What is -6cc80d (base 14) in base 9?
-7003210
-671239 (base 10) to base 4
-2203320013
What is 4c83f7 (base 16) in base 13?
1067593
Convert -288206 (base 11) to base 10.
-450126
What is 30005042 (base 6) in base 9?
1521458
Convert -1567064 (base 15) to base 14.
-20bc201
-322331 (base 4) to base 12
-2225
-162295 (base 11) to base 10
-251905
What is 5435000 (base 6) in base 12?
10ba60
Convert -30434332 (base 5) to base 16.
-3cdfe
20001023 (base 4) to base 2
1000000001001011
472d5 (base 15) to base 3
102112002002
What is -1dc37 (base 14) in base 10?
-76489
Convert 7484a (base 11) to base 12.
52b95
212313231 (base 5) to base 2
11011011111111001010
What is -21321210001 (base 4) in base 2?
-1001111001100100000001
What is -1cabb (base 15) in base 14?
-26143
41523504 (base 6) to base 9
2242024
What is 401770 (base 8) in base 2?
100000001111111000
-6135909 (base 10) to base 12
-207aa59
Convert 23337b5 (base 12) to base 15.
8e0e6b
Convert 2361a26 (base 12) to base 11.
3956618
What is 111001010010101101100 (base 2) in base 7?
21646225
10230221 (base 5) to base 14
23651
Convert -10311150 (base 6) to base 15.
-604cc
What is -100010531 (base 7) in base 10?
-5767469
Convert -20bb8 (base 12) to base 15.
-cbeb
-222016 (base 9) to base 8
-403125
Convert -2122200021000 (base 3) to base 16.
-1586f4
Convert 966127 (base 11) to base 12.
626429
101ca (base 14) to base 6
455330
104865 (base 10) to base 3
12022211220
What is 664352 (base 7) in base 3?
12221020002
What is 1c8c2 (base 14) in base 10?
73082
What is -32143404 (base 5) in base 9?
-453661
Convert 57b40 (base 14) to base 9.
354772
-3f3350 (base 16) to base 7
-50130344
What is 232141013 (base 5) in base 3?
1222110221102
Convert 1111110111110 (base 2) to base 8.
17676
75e30 (base 16) to base 5
110422424
21210012110020 (base 3) to base 15
56ad70
What is -2722010 (base 8) in base 12?
-3095a0
What is -16275052 (base 8) in base 4?
-32113220222
What is -117576 (base 9) in base 3?
-10121122120
Convert -25510256 (base 8) to base 10.
-5673134
1011000011101011111 (base 2) to base 5
43043320
What is -238b3 (base 13) in base 6?
-1221523
902149 (base 13) to base 3
20022000012121
426604 (base 8) to base 7
1133051
What is -2616632 (base 10) in base 13?
-708005
What is -2f8bf0 (base 16) in base 7?
-35325411
Convert -55448 (base 16) to base 2.
-1010101010001001000
Convert -2222211021001 (base 3) to base 10.
-1590868
Convert 101111011111010000100010 (base 2) to base 14.
1920a42
-11041b3 (base 12) to base 4
-30113200113
What is 11441224134 (base 5) in base 11?
7760a72
Convert 1a151a (base 11) to base 14.
80a94
-134101232 (base 5) to base 14
-13da81
What is -27a9c (base 13) in base 15?